is the highest common divisor of 18 and m?
18
Let j be (-20 - -24)*(-198)/(-8). What is the highest common divisor of j and 63?
9
Let g = 22 + -8. Calculate the highest common factor of 42 and g.
14
Suppose k - 2 = 5. Suppose -3*g + k*g = 16. Suppose -g*w - 5 = -29. Calculate the greatest common divisor of w and 3.
3
Let w(y) = -y**3 - 7*y**2 + y - 1. Let t be w(-7). Let l = -4 - t. Let b = -87 - -115. Calculate the greatest common factor of l and b.
4
Suppose 4*i + 1456 = 20*i. Calculate the greatest common factor of 14 and i.
7
Let l(o) = 7*o + 363. Let p be l(-21). Calculate the highest common divisor of 54 and p.
54
Let v be 1/(-4) + 754/104. Calculate the greatest common factor of v and 56.
7
Let y be (2/4)/((-5)/(-60)). Calculate the greatest common divisor of 438 and y.
6
Suppose -5*l = -5*p - 15, -2*l + 3*l + 4*p + 2 = 0. Suppose 4 - l = -o. Let v be o/8 + (-805)/(-20). What is the greatest common divisor of v and 8?
8
Let g(n) = 6 + 9 - 2 + n. Let m be g(-9). Let i = -614 - -626. What is the highest common divisor of m and i?
4
Let y(l) = 2*l**3 - 4*l**2 - 2*l - 7. Let u be y(4). What is the highest common factor of u and 245?
49
Let w(m) = 2*m - 12. Let t(f) = f. Let o(n) = -3*t(n) + w(n). Let j be o(-6). Let k be (-1)/((-15)/j)*-10. Calculate the highest common factor of k and 44.
4
Suppose -l - 11 + 17 = 0. Let r(m) = m - 3. Let c be r(l). Let i be (3 + -4)*-2 + (-3 - -4). Calculate the highest common factor of c and i.
3
Let h(p) = 25*p**3 + p**2 - 4*p + 2. Let j be h(1). Suppose -4*m = -m - z - 13, -4*m + 4 = 2*z. Calculate the highest common divisor of j and m.
3
Let j(l) = l**2 + 4*l - 10. Let s be j(-8). Calculate the highest common factor of 88 and s.
22
Let h = 2764 - 2722. What is the greatest common factor of 2121 and h?
21
Let t be (-16)/(-6)*135/30. Calculate the highest common factor of 6 and t.
6
Suppose -2*s - 498 = -3*p - 1450, 20 = 5*p. Suppose -12*y + s - 38 = 0. What is the highest common factor of 37 and y?
37
Let m be -58*((-2)/(-4) - 3). Let u = -90 - -3. Let i = 145 + u. Calculate the greatest common factor of i and m.
29
Suppose -14*d - 7441 = -21. Let z = -310 - d. What is the greatest common divisor of z and 88?
44
Suppose 2*p = 23 - 5. Suppose 0 = -13*m + 14*m - 9. What is the greatest common divisor of m and p?
9
Let r = 1499 + -724. Calculate the highest common divisor of 31 and r.
31
Let h be ((-176)/(-2464))/(1 + (-6)/7)*2. Let x(f) = 2*f + 1. Let j be x(2). Let k = 13 - j. Calculate the greatest common divisor of k and h.
1
Let q(x) = -4*x - 43. Let c be q(-16). What is the highest common divisor of 483 and c?
21
Suppose -5*a + 106 = -l, a + 3*a - 100 = -3*l. What is the greatest common divisor of a and 2354?
22
Let a(k) = 2*k**2 - 7*k + 3. Let n be a(7). Let i = 364 - n. What is the greatest common factor of i and 39?
39
Suppose 3*a = -6, 6*o - o - a - 152 = 0. Calculate the highest common divisor of 10 and o.
10
Let z(s) = 2*s - 11*s + 3*s - 4 + 5*s. Let x be z(-6). What is the highest common factor of x and 2?
2
Let c be (9/6)/(-3)*-34. Let x = 30 + 106. Let a be (x/16)/(1/2). Calculate the greatest common factor of c and a.
17
Let j(c) = c**3 + 13*c**2 + 28*c - 4. Let i be j(-10). Calculate the highest common divisor of 6 and i.
2
Let t(o) = 7*o - 36. Let k be t(8). Let l be 60 - (-1 + -1 + 2). Calculate the highest common divisor of l and k.
20
Let p = -274 + 299. Calculate the greatest common factor of 425 and p.
25
Let f be -1 + (-3 - -2) - -3. Suppose 131*u + 54 = 137*u. What is the greatest common divisor of u and f?
1
Let p = 1607 + -1049. Let n be (22/(-33))/((-4)/p). Suppose -3*a = -4*v + n, 4*a - 28 = -0*v - v. Calculate the greatest common factor of 8 and v.
8
Suppose 64 = 5*u - 11. Let y be 72/(-90) - 12/10. Let r be 90/(1/(15/(-5))*y). What is the greatest common divisor of u and r?
15
Let a be (-30)/(5 - (-57)/(-12)). Let b = a + 220. Calculate the highest common divisor of 20 and b.
20
Let y = 178 + -149. Let m = 0 - 2. Let f be (0 - m)*(-1827)/(-14). What is the highest common divisor of f and y?
29
Suppose 3*m = 3*l - l - 45, -l = 4*m + 5. Suppose 99 = -l*u + 354. Calculate the highest common factor of 102 and u.
17
Suppose -m - 2*m - 114 = 0. Let z = m - -71. Let l(y) = 2*y**2 + 5*y - 3. Let p be l(-5). What is the highest common factor of p and z?
11
Suppose -c - 2*j = 2*c - 132, 0 = c + j - 44. Suppose 7*a - 3*a - c = 0. Calculate the highest common factor of a and 99.
11
Let j = -76 - -78. Suppose j*s - 338 = -318. What is the greatest common divisor of 140 and s?
10
Suppose 0 = -m + 3*m - 68. Calculate the highest common factor of 2 and m.
2
Let g be (-126)/(-49)*(15 - 1). Calculate the highest common divisor of 48 and g.
12
Let f(g) be the second derivative of g**3/3 - g**2 + 4*g. Let d be f(2). Suppose 0 = d*w - 11 + 3. Calculate the greatest common factor of 8 and w.
4
Suppose r - 4*d = 4*r - 207, 3*d = -5*r + 345. Suppose g = -2*g + 9. Let w = g + r. What is the highest common factor of 24 and w?
24
Suppose k - 6*k = -680. Suppose -2*l + l + k = h, 4*l = 3*h - 387. What is the greatest common factor of h and 19?
19
Let s(q) = -q + 28. Let k be s(17). Calculate the highest common divisor of k and 2.
1
Let l be 1/(3/(-6))*-58*1. Let a be 73 + (-32)/(-4) - -6. Calculate the greatest common factor of l and a.
29
Let n(q) = -12*q + 37. Let b be n(3). Calculate the highest common factor of 17 and b.
1
Let q(i) = 40*i - 3. Let r be q(2). Let c(v) = -5*v + 146. Let u be c(27). Calculate the greatest common divisor of u and r.
11
Let d(b) = -b**3 + 22*b**2 - 19*b - 34. Let j be d(11). Calculate the greatest common factor of 192 and j.
64
Suppose d = -0*d + 6. Let q(a) = -3*a + 14. Let j be q(d). Let s be (6/(-8))/(j/96). What is the highest common factor of 72 and s?
18
Suppose -11*c + 123 = 68. Suppose 4*q + 2 = -5*j + 7, -5*q - 4*j + 13 = 0. Calculate the highest common divisor of c and q.
5
Let x(i) = i**3 - 10*i**2 - 3*i + 15. Let f be x(10). Let u be f/(-2)*(-20)/(-25). Let g be (0 + -6)*(1 + -2). What is the highest common factor of g and u?
6
Let f = 85 + 98. What is the greatest common divisor of f and 61?
61
Let r be (-147)/(-4) + (-36)/48. What is the highest common factor of r and 36?
36
Suppose -98 = -2*i + 77*l - 72*l, -98 = -2*i - 5*l. Suppose n = -g + 2*g + 535, 1613 = 3*n - g. Calculate the greatest common factor of n and i.
49
Suppose 4*s - s = -36. Let i(l) = -l**3 - 8*l**2 - 6*l + 11. Let x be i(-7). Let w = x - s. Calculate the greatest common divisor of w and 40.
8
Let r = 5 + 105. What is the greatest common divisor of r and 10?
10
Suppose -271*a - 182 = -284*a. Calculate the greatest common factor of 259 and a.
7
Let y be (-11 - -215)/(-12)*-31. What is the greatest common factor of y and 17?
17
Let q(g) = -4*g**3 + 40*g**2 + 10*g + 14. Let d be q(10). What is the highest common factor of 6 and d?
6
Let p(z) = -6 + 0 + 3 + z - 2. Let x be p(7). Suppose 3*u - 72 = -3*h, -h + 7 = -x*u - 11. What is the greatest common divisor of 33 and h?
11
Let y(p) = -p + 3. Let z be y(4). Let g = z - -3. Suppose g*n - 4 = 10. Calculate the highest common factor of 56 and n.
7
Suppose -461 + 1759 = 11*v. Calculate the greatest common factor of 295 and v.
59
Suppose i = 3*z + 205, 0 = 14*i - 12*i + 4*z - 420. Calculate the greatest common divisor of i and 39.
13
Suppose 0*y - 18 = 2*y. Let w be (-20)/15 - (-1563)/y. Let i be (-2225)/w + 4/14. Calculate the highest common factor of i and 143.
13
Let u(t) = -253*t**3 - t**2 + 4*t + 5. Let w be u(-1). What is the greatest common factor of 11 and w?
11
Let v be 2/(-7) + (-632)/(-7). Suppose -4*a + 5*g = -5*a + 10, -3*g - 20 = -2*a. Calculate the highest common divisor of v and a.
10
Suppose -360 = 6*y - 24*y. Let z = 6 - 1. Calculate the highest common factor of y and z.
5
Let s = -2 + 5. Let h(o) = o**2 + 1. Let w be h(-2). Suppose -2*b + 419 = 5*d, -2*d - s*d - w*b = -410. What is the greatest common factor of 34 and d?
17
Suppose i = -0*i + 7. Let r be (-4)/i + 3914/14. Suppose 0 = -3*x + 5 + 88. What is the greatest common factor of x and r?
31
Let k = 279 - 76. Suppose -787 = -4*w + v, 3*w - 4*w - v = -k. Calculate the highest common divisor of 18 and w.
18
Let r(h) = h**2 - 13*h + 7. Let s be r(-8). Calculate the highes